 50 - 8).
11
Calculate 3 - (15 - (62 + (11 - (7 - 5)))).
59
What is 13 - ((-4750 - -4765) + (10 - (0 + 2)))?
-10
(17 - 12) + -30 + 1 + (58 - 66)
-32
Evaluate 189 - 111 - 190 - -131.
19
106 - (33 + -24 + 16 + 3 + -25)
103
Evaluate 27 + -47 + -3 - -15.
-8
Calculate 9 - (-3 - (1 + -14) - (2 + -5)) - -18.
14
What is -10 + 33 + -48 + 2 + 21?
-2
5 + 113 + 4 + (464 - 506)
80
14 + 7 - (143 + -66)
-56
(-3 - -2 - -36) + (46 - 12) + -18
51
Evaluate 13 - (53 - 37) - 34.
-37
(-3243 - -3255) + (58 - (2 - 2))
70
Evaluate -97 - 1 - (-2151 + 2186).
-133
Calculate (-117 - -32 - -44) + 11.
-30
What is 4 + (8 - 9) - -2 - 9 - (-10 - -30)?
-24
Calculate -9 - 2 - 7 - (2 - (105 - 4)).
81
What is the value of 3 - (-20 - (-20 + -9) - 9)?
3
35 + -11 - (65 + -18)
-23
What is 21 + (-10 - (3 - (6 + 1))) + 36?
51
What is the value of 87 - 34 - ((-13 - 3) + -11)?
80
-198 + 168 - (15 - (0 - -1))
-44
What is the value of 71 + (-15 - -99 - 86)?
69
What is the value of 16 - (13 - (-6 + (27 - 11) + 9))?
22
Evaluate 1 + 2 - (509 + -548 + -3 + 3 + 0).
42
Calculate 4 + -35 - (-100 - (101 - 70)).
100
-15 - (84 + 15 + -32 + (1 - 7))
-76
Calculate (5 + 2 - -26) + -1 + 19 + 79 + -86.
44
What is the value of -12 - (15 + -17 + -24 + 19)?
-5
What is 77 - (62 + -33 - -81)?
-33
Evaluate -55 + 0 - (0 - (48 + -11)).
-18
(96 - 91) + -24 - ((-1 - -8) + 2)
-28
Calculate 7 + (36 - 35) + 32.
40
(-1 - -106) + (11866 - 11922)
49
Evaluate 60 - (90 + 25) - -21.
-34
Evaluate 9 + -15 + -1 - (-4 - ((-1 - 0) + 13)).
9
What is the value of 30 + (1 - -1) + 2 + (-33 + 39 - 10)?
30
What is -9 - (23 + -6 + 2 + -26 + (25 - 10))?
-17
Calculate (-214 - -203) + 8 + 3 + 0 + 1.
1
(-8 - -17) + -72 + 25 + 31
-7
What is the value of 21 - (-6 - (-6 + 17) - 0 - -7)?
31
10 + -16 + 26 + -12 + -11 - (35 - 0)
-38
51 - 4 - (-990 - -955)
82
Calculate 14 - ((0 - -1) + (32 - 67) + 26 + 40).
-18
Calculate 0 - (-18 + (3 - -9) + 0 + -5) - 23.
-12
What is (106 - 34 - 60) + -11 + -1 + 1 - -10?
11
What is (69 - 99) + (17 - 14) + 67?
40
What is the value of (18 - -1) + -1 - (-586 - -621) - -33?
16
(-45 - -30) + (91 - 85)
-9
Calculate 10 - (1 - 0) - (112 + (-276 - -103)).
70
What is the value of 24 + -53 - (-81 + -9)?
61
What is 5 + (-179 - -81) + 224?
131
What is -17 - (68 + (-7 - 71))?
-7
What is the value of -23 - ((23 - 10) + -29) - 19?
-26
Evaluate 54 + 5 + -18 + (9 - -2) + 11.
63
What is the value of -13 + 30 - (0 + -22 + 26)?
13
Calculate -45 - (-15 - 26 - 11).
7
9 - (-54 - (-32 + 4))
35
Evaluate -36 - ((1 - -41) + (-213 - -205) - 16).
-54
What is 19 + (-50 - -36 - -22)?
27
What is -16 + (11 - 6) - ((11 + -8 - -9) + -17)?
-6
7 + (8 + -23 + -4 - -51)
39
What is 156 + -127 + (-6 - -4) + -76?
-49
(16 - 9) + -10 - (65 + -5 - (0 - 2))
-65
What is the value of (-136 - (144 - 189)) + 11 + -1?
-81
What is (-37 - -2) + -2501 + 2576?
40
(-1116 - -1079) + ((4 - 0) + -3 - -6)
-30
Calculate 1 + 4 + 9 + -62 + 105 + -103.
-46
What is the value of (-9 - 176) + 102 - (7 + 3)?
-93
Evaluate (-247 - 79) + 89 + 134.
-103
What is -75 - (-53 + (-56 - -42))?
-8
Calculate (-20 + 32 - 7) + -1 + (-18 - 18).
-32
Calculate -7 + 22 + -14 - (-4 + 6 + 0 - 77).
76
3 - 7 - (12 + (22 - (0 - -48)))
10
Evaluate 0 - (8 - 17 - -11 - -12) - 16.
-30
6 + 6 + -9 + 7 + -2 + -1 + -8
-1
What is the value of -4 - 88 - (-377 - -379)?
-94
-68 - (-38 - (68 - 36))
2
Evaluate 1269 - 1299 - (-75 + -2).
47
What is the value of 1 + 20 - (-249 + 260) - (2 + -5 - 31)?
44
What is (-18 - 3) + 13 - 16?
-24
What is the value of -18 + 21 + 38 - (2 + 114)?
-75
Calculate (18 - (12 + 11)) + -23 - (1 - -12).
-41
What is the value of -28 + (3 - (-9 + (22 - 14)) - 1)?
-25
Calculate -173 + 158 + -20 + -11.
-46
Calculate (-1 - -12) + -64 + 159 + -159.
-53
What is (-53 - 2) + (-694 - -794)?
45
What is (-125 + 146 - (16 - -2)) + 7 + -4 + -5?
1
Calculate -103 - ((-17 - (-13 + -6 - 15)) + -20).
-100
-20952 - -20989 - (0 + 69)
-32
Evaluate 46 - ((-31 - 24) + 27 - -7).
67
Evaluate -17 - 38 - ((36 - 25) + (-2 - 0 - 0)).
-64
Calculate -24 - (17 + -24) - -31 - (-2 + 1).
15
What is -32 + (-95 - -136 - -32)?
41
61 - ((1737 - 1715) + 2 + -21 + 2)
56
What is the value of -55 + 50 + (6 + 0 - -2) - (-12 - -6)?
9
Calculate (-26 - -79) + -4 + -47.
2
-10 + (-1 - -5) + 7 + (0 - -15) + -4
12
What is 2 + (-23 - -49) + (-2 - -8 - 16)?
18
-7 + 3 + 0 - 1 - (-2 + (15 - 73))
55
Calculate (-84 - -68 - 32) + 38.
-10
What is the value of -5 - (14 + 5 + -26 + -4)?
6
Evaluate -22 + (-40 + 28 - (22 + -50)) + (-1 - -1).
-6
What is (-22 - (46 + -114)) + -25?
21
What is (-28 - 2) + (-65 - -81 - 45)?
-59
4 - -105 - (2332 - 2309)
86
Calculate -5 - (3 - -12 - (200 + -196)).
-16
What is -37 - (31 + 40 + -112)?
4
Evaluate -114 - (-116 + 52) - (0 + 8).
-58
What is the value of -9 + (-13 - (-24 + 21 + -19)) - (-37 + 2)?
35
Calculate -16 + 2 + 16578 + -16491.
73
Evaluate 19 - (-4 + 55 + -21).
-11
Calculate -16 + 2 - 2 - (2 - 4) - -26.
12
Evaluate -17 + 59 + -153 - (-1 + (4 - 11)).
-103
-93 - (52 + -156 + 71)
-60
-2 + 12 + (90 - 90 - (-1 - -24)) + 64
51
(2338 - 2397) + 58 + 2
1
What is (11 - 3 - (3 + (2 - 2))) + -9 + -94?
-98
Evaluate -5 - (-2 + 8 + (-50 - (-74 - -43))).
8
Calculate -62 + -26 + 7 + (-8 - -37) - (0 - 0).
-52
What is the value of (5 - 8) + ((-1 - 17) + 167 + -202 - -22)?
-34
Evaluate -125 - (-165 - (-33 + 14)).
21
What is the value of 9 + (-20 - 2 - -9) + (12 - -42)?
50
What is the value of 7 + -5 + 14 + (18 + (2 - 9) - 9)?
18
What is 3133 + -3078 - (24 + 1)?
30
What is the value of (-110 - -104) + 2 + 14 - (21 - (4 + 1))?
-6
What is the value of 55 + -18 - (47 + -23)?
13
-158 + 11 + (-256 - -338)
-65
Evaluate 17 + 16 + -89 + 28.
-28
Calculate (-11 - -16) + (-3 - -2) + (-10 - (-1 - 5)).
0
Evaluate 1 + 4 + 146 + -92 - -14.
73
What is the value of 10 + -33 + (16 + 50 - -9)?
52
What is the value of (8 - 1) + (3 - (-6 + 3 - 0 - -5))?
8
Evaluate -31 - (-3 + 8) - -33.
-3
Calculate 15 - (130 - 76) - -75.
36
What is 10 - (-2 + (-13 - (6 + -17)) + 10 + 52)?
-48
Calculate -6 - (10 - -2 - 14) - (-39 - -1).
34
What is the value of 1 - 1 - -17 - (101 + 123 + -92)?
-115
48 + 2 + 15 + -62 - (0 + (26 - 1))
-22
-72 + 21 + -11 + 11 + -21 + -21
-93
Calculate -16 + (-59 + -13 - (85 + -73)).
-100
What is -2 + 34 - (0 - 4) - (-15 - -2)?
49
24 - 14 - 15 - 59
-64
What is the value of (62 - 45) + -35 + 56?
38
Evaluate 9 + 1 + 8 + -3 + -43 + -26.
-54
-12 + 3 - ((53 - 156) + 90)
4
Calculate 12 - (((-19 - 17) + 21 - -6) + -7).
28
3 + -73 + 59 + -53 + -4 + (-3 - 1)
-72
What is the value of 8 - (75 - 4 - 37)?
-26
-59 - (118 + 38 + -124)
-91
Calculate -39 + (64 - (25 + -26)).
26
What is 57 - (36 - 5 - (-70 + 128))?
84
Calculate -37 + 5 + 3 - ((37 - 12) + -11).
-43
What is (-51 - -46 - (-3 - 30)) + (10 - (17 + -4))?
25
-132 - (-57 + (-7 - 13))
-55
Evaluate (-4 - (48 + -29)) + (-2 + 3 - 13).
-35
What is the value of (-28 - -24) + 9 + (-54 - (-8 + 8))?
-49
Calculate 4 - (4 + -8) - (-984 - -991).
1
Calculate -3003 - -2998 - (33 - -1).
-39
What is -1 + (-1 - -2) - (-65 + 25 + 9)?
31
Evaluate 44 + -46 - -5 - -25.
28
2 + (98 - 60) + (3 - 4) + 1 + -1
39
Calculate 15 - (57 + -101 + 81).
-22
What is the value of -7 + (-1 - ((-4 - 1) + 8)) + 22 + -36?
-25
Evaluate (13 + -22 - (-13 - -1)) + (-52 + 3 - 7).
-53
What is -42 - -37 - (-11 + (-11 - (3 + -103)))?
-83
What is the value of 31 + 1 - (-2412 + 2429)?
15
-4 + 0 - (145 + -84) - (-14 - (-36 - -12))
-75
Evaluate 77 + -91 - ((11 - 0) + -52).
27
What is the value of -8 - (-79 + 88 - -37)?
-54
Evaluate -37 - (-10 - (-43 - -31 - -79)).
40
What is (251 - 273) + (-1 - (-59 - 0))?
36
(-63 + 35 - -5) + 34 + 7
18
What is 4 + -4 - 3 - (-434 - -283)?
148
What is (55 - 43 - -1) + (-1 - 45) + -3?
-36
What is the value of (-95 - (1 + -7 + -10 + 2 + 9)) + 2?
-88
-2 + (33 - 4) + 4816 + -4860
-17
What is the value of 8 - (-21 - -33) - (-55 + (-2 + 2 - 1))?
52
Evaluate -8 + (-23 - -7) + 7 + (0 - -13) + -1.
-5
(3 + -1 - 4) + 0 + -32 - (2262 + -2270)
-26
-9 - 22 - (-65 + 55 + -57)
36
What is the value of (-4 - -3) + (36 - 1) - (-5006 + 5008)?
32
Calculate -12 - (-17 + 1 - ((-59 - 2) + 5)).
-52
-5 - (8 + 0 + (-40 - -11 - -42 - 12))
-14
Calculate -274 + 274 + -40 + 1 + -19.
-58
70 - 71 - (13 + (-9 - -4)) - -17
8
What is the value of 25 - (77 + (85 - 89))?
-48
Calculate 69 + (-42 - (-66 + 57)).
36
What is 1 - -1 - ((14 - -43 - 34) + -13